{"id":12596,"date":"2026-04-17T13:24:00","date_gmt":"2026-04-17T11:24:00","guid":{"rendered":"https:\/\/mcpluginstore.de\/?post_type=product&#038;p=12596"},"modified":"2026-04-17T13:30:04","modified_gmt":"2026-04-17T11:30:04","slug":"fly-system","status":"publish","type":"product","link":"https:\/\/mcpluginstore.de\/index.php\/product\/fly-system\/","title":{"rendered":"Fly System"},"content":{"rendered":"<h1 data-section-id=\"1pimsna\" data-start=\"147\" data-end=\"190\">\u2708\ufe0f FlySystem \u2013 Professionelles Fly-Plugin<\/h1>\n<h2 data-section-id=\"cf3euj\" data-start=\"192\" data-end=\"210\">\ud83d\udccc Beschreibung<\/h2>\n<p data-start=\"212\" data-end=\"441\">FlySystem ist ein leichtgewichtiges, leistungsstarkes und vollst\u00e4ndig konfigurierbares Fly-Plugin f\u00fcr deinen Server. Es bietet dir maximale Kontrolle \u00fcber den Flugmodus deiner Spieler \u2013 individuell, global oder f\u00fcr ganze Gruppen.<\/p>\n<p data-start=\"443\" data-end=\"551\">Mit einfachen Commands und einer flexiblen Konfiguration kannst du Fly genau so steuern, wie du es brauchst.<\/p>\n<hr data-start=\"553\" data-end=\"556\" \/>\n<h2 data-section-id=\"1pkc0b8\" data-start=\"558\" data-end=\"572\">\u2699\ufe0f Features<\/h2>\n<p data-start=\"574\" data-end=\"928\">\u2714 \/fly \u2013 Fly f\u00fcr dich selbst aktivieren\/deaktivieren<br data-start=\"626\" data-end=\"629\" \/>\u2714 \/fly &lt;Spieler&gt; \u2013 Fly f\u00fcr andere Spieler steuern<br data-start=\"678\" data-end=\"681\" \/>\u2714 \/fly all \u2013 Fly f\u00fcr alle Online-Spieler aktivieren\/deaktivieren<br data-start=\"745\" data-end=\"748\" \/>\u2714 Welt-Blocker System (konfigurierbar)<br data-start=\"786\" data-end=\"789\" \/>\u2714 Permission-System f\u00fcr volle Kontrolle<br data-start=\"828\" data-end=\"831\" \/>\u2714 Fully configurable message.yml<br data-start=\"863\" data-end=\"866\" \/>\u2714 TAB Completion Support<br data-start=\"890\" data-end=\"893\" \/>\u2714 Einfach &amp; performancefreundlich<\/p>\n<hr data-start=\"930\" data-end=\"933\" \/>\n<h2 data-section-id=\"12p0wrs\" data-start=\"935\" data-end=\"960\">\ud83c\udf0d Welt-Blocker System<\/h2>\n<p data-start=\"962\" data-end=\"1040\">Du kannst genau einstellen, in welchen Welten der Fly-Command deaktiviert ist:<\/p>\n<ul data-start=\"1042\" data-end=\"1135\">\n<li data-section-id=\"yvxdlq\" data-start=\"1042\" data-end=\"1067\">Weltliste in config.yml<\/li>\n<li data-section-id=\"138465k\" data-start=\"1068\" data-end=\"1104\">Optional aktivierbar\/deaktivierbar<\/li>\n<li data-section-id=\"1go5at9\" data-start=\"1105\" data-end=\"1135\">Bypass Permission f\u00fcr Admins<\/li>\n<\/ul>\n<hr data-start=\"1137\" data-end=\"1140\" \/>\n<h2 data-section-id=\"n30ymo\" data-start=\"1142\" data-end=\"1159\">\ud83d\udd10 Permissions<\/h2>\n<ul data-start=\"1161\" data-end=\"1350\">\n<li data-section-id=\"1op6z0e\" data-start=\"1161\" data-end=\"1196\">flysystem.fly.use \u2192 \/fly nutzen<\/li>\n<li data-section-id=\"1tjyuad\" data-start=\"1197\" data-end=\"1249\">flysystem.fly.other.use \u2192 andere Spieler steuern<\/li>\n<li data-section-id=\"1kj8zzs\" data-start=\"1250\" data-end=\"1298\">flysystem.fly.all.use \u2192 Fly f\u00fcr alle Spieler<\/li>\n<li data-section-id=\"1mmw2ag\" data-start=\"1299\" data-end=\"1350\">flysystem.fly.bypass.use \u2192 Welt-Blocker umgehen<\/li>\n<\/ul>\n<hr data-start=\"1352\" data-end=\"1355\" \/>\n<h2 data-section-id=\"tp037h\" data-start=\"1357\" data-end=\"1376\">\ud83d\udcdd Konfiguration<\/h2>\n<p data-start=\"1378\" data-end=\"1443\">Alle Nachrichten sind vollst\u00e4ndig in der <code data-start=\"1419\" data-end=\"1432\">message.yml<\/code> anpassbar:<\/p>\n<ul data-start=\"1445\" data-end=\"1563\">\n<li data-section-id=\"lzw47y\" data-start=\"1445\" data-end=\"1488\">Fly aktiviert \/ deaktiviert Nachrichten<\/li>\n<li data-section-id=\"10wbliv\" data-start=\"1489\" data-end=\"1512\">Spieler Nachrichten<\/li>\n<li data-section-id=\"1vdd9x8\" data-start=\"1513\" data-end=\"1536\">All-Fly Nachrichten<\/li>\n<li data-section-id=\"vxanyp\" data-start=\"1537\" data-end=\"1563\">Welt-Blocker Nachricht<\/li>\n<\/ul>\n<p data-start=\"1565\" data-end=\"1625\">Du hast volle Kontrolle \u00fcber das komplette Messaging-System.<\/p>\n<hr data-start=\"1627\" data-end=\"1630\" \/>\n<h2 data-section-id=\"m52veq\" data-start=\"1632\" data-end=\"1646\">\ud83d\ude80 Vorteile<\/h2>\n<ul data-start=\"1648\" data-end=\"1839\">\n<li data-section-id=\"ls2nao\" data-start=\"1648\" data-end=\"1678\">Extrem einfach zu bedienen<\/li>\n<li data-section-id=\"tx30in\" data-start=\"1679\" data-end=\"1725\">Perfekt f\u00fcr Survival, Lobby oder Minigames<\/li>\n<li data-section-id=\"15khkiu\" data-start=\"1726\" data-end=\"1760\">Keine unn\u00f6tigen Abh\u00e4ngigkeiten<\/li>\n<li data-section-id=\"b06a1c\" data-start=\"1761\" data-end=\"1789\">Sauberer &amp; stabiler Code<\/li>\n<li data-section-id=\"5chy4w\" data-start=\"1790\" data-end=\"1839\">Schnelle Performance auch bei vielen Spielern<\/li>\n<\/ul>\n<hr data-start=\"1841\" data-end=\"1844\" \/>\n<h2 data-section-id=\"1056p0u\" data-start=\"1846\" data-end=\"1862\">\ud83d\udca1 Ideal f\u00fcr:<\/h2>\n<ul data-start=\"1864\" data-end=\"1964\">\n<li data-section-id=\"nip0nk\" data-start=\"1864\" data-end=\"1893\">Minecraft Survival Server<\/li>\n<li data-section-id=\"192gqtj\" data-start=\"1894\" data-end=\"1916\">Lobby \/ Hub Server<\/li>\n<li data-section-id=\"6l6k2e\" data-start=\"1917\" data-end=\"1936\">Network Systeme<\/li>\n<li data-section-id=\"aattif\" data-start=\"1937\" data-end=\"1964\">Private &amp; Public Server<\/li>\n<\/ul>\n<hr data-start=\"1966\" data-end=\"1969\" \/>\n<h2 data-section-id=\"hwjzgi\" data-start=\"1971\" data-end=\"1989\">\ud83d\udce6 Installation<\/h2>\n<ol data-start=\"1991\" data-end=\"2107\">\n<li data-section-id=\"tx4y2j\" data-start=\"1991\" data-end=\"2034\">Plugin in den <code data-start=\"2008\" data-end=\"2018\">\/plugins<\/code> Ordner ziehen<\/li>\n<li data-section-id=\"15dkqjb\" data-start=\"2035\" data-end=\"2054\">Server starten<\/li>\n<li data-section-id=\"ls5hhm\" data-start=\"2055\" data-end=\"2093\">config.yml &amp; message.yml anpassen<\/li>\n<li data-section-id=\"15eqffk\" data-start=\"2094\" data-end=\"2107\">Fertig \u2714<\/li>\n<\/ol>\n<hr data-start=\"2109\" data-end=\"2112\" \/>\n<h2 data-section-id=\"1lehoez\" data-start=\"2114\" data-end=\"2125\">\ud83e\udde0 Fazit<\/h2>\n<p data-start=\"2127\" data-end=\"2268\">FlySystem ist die perfekte L\u00f6sung f\u00fcr Server, die ein flexibles, stabiles und konfigurierbares Fly-System brauchen \u2013 ohne unn\u00f6tigen Overhead.<\/p>\n","protected":false},"excerpt":{"rendered":"<p>\u2708\ufe0f FlySystem \u2013 Professionelles Fly-Plugin \ud83d\udccc Beschreibung FlySystem ist ein leichtgewichtiges, leistungsstarkes und vollst\u00e4ndig konfigurierbares Fly-Plugin f\u00fcr deinen Server. Es bietet dir maximale Kontrolle \u00fcber den Flugmodus deiner Spieler \u2013 individuell, global oder f\u00fcr ganze Gruppen. Mit einfachen Commands und einer flexiblen Konfiguration kannst du Fly genau so steuern, wie du es brauchst. \u2699\ufe0f Features [&hellip;]<\/p>\n","protected":false},"featured_media":12600,"comment_status":"open","ping_status":"closed","template":"","meta":[],"product_brand":[],"product_cat":[125],"product_tag":[],"class_list":{"0":"post-12596","1":"product","2":"type-product","3":"status-publish","4":"has-post-thumbnail","6":"product_cat-paper","8":"first","9":"instock","10":"downloadable","11":"virtual","12":"purchasable","13":"product-type-simple"},"jetpack_sharing_enabled":true,"_links":{"self":[{"href":"https:\/\/mcpluginstore.de\/index.php\/wp-json\/wp\/v2\/product\/12596","targetHints":{"allow":["GET"]}}],"collection":[{"href":"https:\/\/mcpluginstore.de\/index.php\/wp-json\/wp\/v2\/product"}],"about":[{"href":"https:\/\/mcpluginstore.de\/index.php\/wp-json\/wp\/v2\/types\/product"}],"replies":[{"embeddable":true,"href":"https:\/\/mcpluginstore.de\/index.php\/wp-json\/wp\/v2\/comments?post=12596"}],"wp:featuredmedia":[{"embeddable":true,"href":"https:\/\/mcpluginstore.de\/index.php\/wp-json\/wp\/v2\/media\/12600"}],"wp:attachment":[{"href":"https:\/\/mcpluginstore.de\/index.php\/wp-json\/wp\/v2\/media?parent=12596"}],"wp:term":[{"taxonomy":"product_brand","embeddable":true,"href":"https:\/\/mcpluginstore.de\/index.php\/wp-json\/wp\/v2\/product_brand?post=12596"},{"taxonomy":"product_cat","embeddable":true,"href":"https:\/\/mcpluginstore.de\/index.php\/wp-json\/wp\/v2\/product_cat?post=12596"},{"taxonomy":"product_tag","embeddable":true,"href":"https:\/\/mcpluginstore.de\/index.php\/wp-json\/wp\/v2\/product_tag?post=12596"}],"curies":[{"name":"wp","href":"https:\/\/api.w.org\/{rel}","templated":true}]}}